ens digit of (12/10)/(2/(o/(-6)))?
0
Suppose 5*f + d - 218 = 0, -d + 0 = -3. Let g = f + -33. Suppose -9*t + g = t. What is the units digit of t?
1
Let d(n) = -2031*n + 1820. What is the units digit of d(-10)?
0
Suppose -260*p + 76836 = -248*p. What is the tens digit of p?
0
Suppose -4*h - 4*r = 488, -5*r = 3*h - 3*r + 368. What is the units digit of (-10)/((h/(-32) + -4)/8)?
0
Let y = 2444 + 5329. What is the thousands digit of y?
7
Suppose 7598 + 88002 = 20*a. What is the hundreds digit of a?
7
Let g be (-4 + 2 - -3) + 1. Suppose -2*n - 4*t = 4, 2*n + 8*t - 11*t = 10. Suppose g*b + 48 = -4*r + 342, n*b = -5*r + 299. What is the hundreds digit of b?
1
Let k(f) = 2*f**2 + 10*f - 14. Let r be k(-8). Let i = r - 40. What is the tens digit of i/(-5)*10/(-4) - -172?
6
Suppose -14*v + 5*v + 891 = 0. What is the units digit of 11658/27 - (-22)/v?
2
Let c(i) = -i**2 + 13*i + 5071. What is the tens digit of c(0)?
7
Suppose 0 = -4*a + 16, 4*t - 3*a = 2*t + 6. Let k = 16 + -10. What is the units digit of (-1)/t*-3 + 286/k?
8
Suppose 0 = -3*n - 2*q + 12201, -n - 2*q + 4080 = 3*q. Suppose -19*s = -18887 - n. What is the units digit of s?
8
Let y(p) = 99*p + 94. Let k be y(-16). Let s = 2145 + k. What is the tens digit of s?
5
Suppose 3*r = 5*v - 22, -3*v - 5*r + 0*r = -20. Suppose 12 = 11*j - 15*j, v*j - 306 = -d. What is the tens digit of d?
2
Suppose 16 = 7*c - 3*c. Let v(t) = 53*t - 21. Let i be v(c). Suppose 5*x - 88 = -2*j, 5*x + 59 = -3*j + i. What is the units digit of j?
4
Let m be (-1 + -3)*(-3 + 5/4). Suppose -m*d - 20 + 181 = 0. Let z = 134 - d. What is the tens digit of z?
1
Suppose s = -310847 - 284163. What is the hundreds digit of s/(-322) - (-1)/7?
8
Let h(b) = 75*b**2 - 184*b + 2576. What is the tens digit of h(15)?
9
Suppose -5*t = 5*f + 7 + 8, 0 = -f + t + 5. Let h(g) be the third derivative of 6*g**5/5 - g**4/8 - g**3/6 - 639*g**2. What is the units digit of h(f)?
8
Let z be -8*46/16*-2. Let n = z + -48. What is the units digit of (-35)/(n + -3) - (-2 + 2)?
7
Let m(g) = 23*g**2 - 20*g - 1. Let l be m(1). Let p = 418 + -216. Suppose l*f + 0*f + p = 2*b, 0 = 5*b - 2*f - 505. What is the tens digit of b?
0
What is the hundreds digit of (4 + ((-26)/4)/(-13)*-6)*6415?
4
Let c = -218 - -222. What is the hundreds digit of 273/2 - c/(-8)*1?
1
Suppose f = -2*w + 670, 2*f - 1022 - 318 = -2*w. Suppose -19345 = -25*j - f. What is the units digit of j?
7
Suppose 0 = 18*w + 1091 + 727. Let r = 323 - w. What is the units digit of r?
4
Let z = -114 - -121. Suppose 1716 + 1280 = z*j. What is the hundreds digit of j?
4
Suppose -6*r + 3*d - 3782 = -r, 2*d = 8. Let m = -544 - r. What is the hundreds digit of m?
2
What is the units digit of 3857 - -126 - (11 - 0)?
2
Suppose 13*u - 101957 = 8673. What is the thousands digit of u?
8
Let l(n) = n**3 + 2*n**2 - 3*n - 20. Let w be l(-3). Let x be (0 - 5)*372/(-30). Let s = x - w. What is the tens digit of s?
8
Let r = 2872 - 2574. What is the tens digit of r?
9
Let o(g) = -6*g + 14. Suppose 7*y + 49 = -28. Let r(i) = 29*i - 70. Let w(a) = y*o(a) - 2*r(a). What is the tens digit of w(6)?
3
Let r = 43666 - 23670. What is the units digit of r?
6
Let u be -717 + -3 + 0/(8 + -3). Let m = 1168 + u. What is the hundreds digit of m?
4
What is the ten thousands digit of (7 - 30/4)/(2/(-53252))?
1
Suppose 3968185 + 97317 = 264*z - 1359434. What is the units digit of z?
9
Let u be (83550/24)/(2*(-2)/16). What is the units digit of 2/(-16) + (u/(-40) - 2)?
6
Suppose 3*l - 3447 = 2*b, 3*b + 3447 = 3*l - 0*l. Suppose -6*y + 4719 = l. What is the units digit of y?
5
What is the thousands digit of (-599691)/(-122) + (-14)/(-4)?
4
Suppose 1391980 = 7*h + 151*h. What is the tens digit of h?
1
Let z(c) = c + 25. Let t(n) = n**2 - 11*n - 30. Let i be t(11). Let x be z(i). What is the tens digit of ((-2)/x)/(10/850)?
3
Let a(b) = -13 - 2 + 24*b + 17*b. What is the tens digit of a(10)?
9
Suppose -38*z + 42*z - 243 = -5*h, -240 = -4*z - 4*h. Suppose 5*m = 2*x + 2655, 4*m + 3*x - z - 2044 = 0. What is the hundreds digit of m?
5
Let u = 41834 - 21004. What is the thousands digit of u?
0
Suppose p + 33*p = 1530. Let c = p + 275. What is the tens digit of c?
2
Suppose -2*y = 6 - 0, 0 = 5*v - 4*y - 632. Suppose -2*q - 254 = -t + 3*t, 2*t = -q - v. What is the hundreds digit of -4 - (5 + q - 1)?
1
Let p(f) = 871*f - 75. What is the hundreds digit of p(29)?
1
Suppose -c + l + 586 = 0, -3*l = c - 6*l - 584. Suppose 5*h = c + 713. What is the units digit of h?
0
Let n be (2/9)/((-10)/(-15))*6. Let c be 33 + 2 + 2 + n. What is the units digit of (c/((-3)/(-3)))/(6/6)?
9
Let p(v) = -2*v**2 + 5*v. Let x be p(3). Let n be (1 + (-3)/6)/(x/(-18)). Suppose -w - 82 = -5*w - 2*t, 5*w - 102 = -n*t. What is the tens digit of w?
2
Let s = -11 - -11. Let j(u) = -3*u + 370. What is the hundreds digit of j(s)?
3
Let s(a) = -22*a + 1426. What is the units digit of s(-10)?
6
What is the tens digit of 2958*(32/(-48) - (-26)/12)?
3
Let s = -10369 + 22828. What is the thousands digit of s?
2
Suppose -2114 = -10*q - 114. Let y = q + 369. What is the hundreds digit of y?
5
Let i(j) = 100*j**3 + 9*j**2 - 40*j + 276. What is the ten thousands digit of i(6)?
2
Let t(w) = 620*w + 1211. What is the tens digit of t(12)?
5
Let c(x) = -4*x**2 - 8*x + 4. Let v be -5 - -1 - 1/(-8 - -7). Let n be c(v). What is the tens digit of (1720/15)/(n/(-12))?
7
Let c = 1199 - 324. Suppose 8*l + 333 = -c. Let s = 255 + l. What is the tens digit of s?
0
Let g(a) = 38*a**2 + 16*a + 2. Let z be -1 + -5 + 7 + -4 - 4. What is the units digit of g(z)?
2
Let y be ((-28)/21)/((1/393)/(-1)). Suppose -3*a + a + 560 = -4*h, -2*a = 5*h - y. What is the tens digit of a?
7
Suppose -2*d = -4*u + 232252, 0 = -36*u + 35*u + 3*d + 58058. What is the hundreds digit of u?
0
Let c(l) = l**2 + 33*l + 117. Let z be c(-24). What is the hundreds digit of (-47862)/z + 48/88?
4
What is the hundreds digit of ((-34131)/279)/((-1)/27)?
3
Suppose -17*k + 59018 = -30504. What is the tens digit of k?
6
Let y = -92 + 94. Let f be (-1)/y + (-9878)/(-44). Suppose -13*c = -20*c + f. What is the units digit of c?
2
Let s = 4440 + -936. What is the tens digit of s?
0
Suppose 2*g - 1 + 1 = 0. Suppose -2*u - c = -186, 2*c = -3*u - g*c + 277. Suppose -97 - u = -4*y + 4*i, 3*i = -2*y + 96. What is the units digit of y?
8
Let s = -33 - -37. Suppose -j = s*v - 4153, -2950 - 163 = -3*v + j. What is the hundreds digit of v?
0
Suppose 3*t - 5*y = 22691, -5*y = -t + 6634 + 933. What is the thousands digit of t?
7
Suppose -6*h = -7*h - 5, 23 = -2*t - h. Let f(p) = -29*p + 69. What is the hundreds digit of f(t)?
3
Suppose -4*v + 8 = -2*m + m, v + 3*m = 15. Let q be (-2)/v - 2445/45. Let f = -5 - q. What is the tens digit of f?
5
Suppose 6*q = 43514 - 3746. What is the hundreds digit of q?
6
Suppose -22704 = -4*o - 2*c, 0*o + 3*o - 17027 = -c. What is the tens digit of o?
7
Suppose 0 = -2*o + 5*s - 382 + 8255, -4*s = o - 3930. What is the thousands digit of o?
3
Let r(s) = 112*s + 5. Let f be r(-2). Let o be (f/(-6))/(2/4). Let h = 157 - o. What is the units digit of h?
4
Suppose 142302 = 5*c - 9*o + 8*o, 3*c - 85346 = 5*o. What is the tens digit of c?
6
What is the units digit of ((-10)/3)/(2/3*(-13)/8762)?
0
Suppose 310 = 3*z - 5. What is the units digit of (z/14)/(((-9)/114)/(-3))?
5
Let m(s) = -7*s + 6. Let q be m(6). Let w = 42 + q. What is the units digit of ((-10)/30 - (-722)/w) + -3?
7
Suppose 0 = 25*x + 172*x - 53*x - 2164032. What is the tens digit of x?
2
Let x = -28 - -32. Suppose 18 = d + x*i, 6 = 4*d + 4*i - 18. Let u(w) = 52*w**2 + 2*w - 3. What is the units digit of u(d)?
9
Suppose 50 + 22 = 6*a. Suppose 5*x + 18 = -a. What is the tens digit of ((-45)/x)/(2/20)?
7
Suppose 0 = 65*s - 78*s - 52. Suppose -n + 143 = 43. What is the tens digit of -5 - (n/s + -5)?
2
Let l = -28 + 56. Let s be (-2)/(-7) - ((-9384)/l)/3. What is the units digit of 11952/s - 2/(-7)?
7
Suppose 2*r - 652 = 2*c, -4*r + 2*c + c + 1308 = 0. Suppose m = k - 352, -5*k = -m - r - 1446. What is the units digit of k?
6
Let v(p) = p**3 + 3*p**2 - p + 3. Suppose -16 = 5*g - 31. Let t be v(g). Let x = 91 + t. What is the tens digit of x?
4
Let v(x) = 26 - 15*x + 4*x + 6*x + 2*x + 2*x**2. What is the tens digit of v(-11)?
0
Let w = 339 - 293. Let d be ((-3